8). Calculate the greatest common factor of b and z.
5
Suppose -4*y + 146 = 38. Let t = 60 - y. Calculate the highest common factor of 3 and t.
3
Let h(s) = -5*s**3 - 5 - 8*s - 3*s**2 + 3 - 2 + 4*s**3. Let u be h(-3). Let k(c) = -3*c - 4. Let a be k(-3). Calculate the greatest common divisor of a and u.
5
Let c = -84 - -115. Let q = -10 + c. Let i(o) = 4*o**2 - 1. Let n be i(4). Calculate the highest common factor of n and q.
21
Let v(a) = -8*a - 105. Let w be v(-25). Calculate the highest common factor of w and 19.
19
Let j = 24 - 21. Suppose 4*y = j*y + 210. Calculate the greatest common divisor of 42 and y.
42
Let o(c) = -c**3 + 10*c**2 + 2*c + 5. Let t be o(5). Let y be 2/9 - t/(-18). Let b be (y/6)/(4/24). What is the highest common divisor of 1 and b?
1
Let m = 23 + -9. Let h be (9/7 - 1)/(14/98). Let j(c) = 17*c + 1. Let k be j(h). Calculate the highest common factor of m and k.
7
Suppose -6*k + 19 + 143 = 0. Let a = 69 - k. What is the greatest common factor of 112 and a?
14
Suppose 5*s + 3*d = 55, -4*s - 22 = -6*s + 2*d. What is the greatest common divisor of s and 275?
11
Let p be (5 + (-407)/44)/((-1)/12). What is the highest common divisor of 527 and p?
17
Let v be (2/5)/(5/(-6100)). Let y = v - -803. What is the highest common factor of y and 35?
35
Suppose 0 = d - 3*d + u + 373, 5*u = -5*d + 910. What is the highest common divisor of d and 259?
37
Let n = -54 - -93. Suppose -4 = 5*r + s - 66, -3*r = 4*s - 27. Calculate the highest common divisor of r and n.
13
Let l = 973 + -497. What is the highest common factor of l and 68?
68
Let l(g) = g**3 - 5*g**2 - g + 5. Let j be l(6). Suppose 5*c - 1237 = -3*d, 2*c + 24*d = 26*d + 482. Calculate the highest common divisor of c and j.
35
Let b(l) = 2*l**3 - 13*l**3 + 3*l - l + 3 - 2. Let n be b(-1). Calculate the highest common factor of 25 and n.
5
Let i = 205 + -110. Suppose -z - o + 26 = 3*o, -3*z + o = -117. What is the highest common divisor of z and i?
19
Let v be 0/(-1) + 17 + 2. Suppose -o - m = 0, o + 2 - 12 = m. Suppose 3*r - 622 = -0*y - y, 1040 = o*r + y. Calculate the highest common divisor of v and r.
19
Let b(m) be the first derivative of m**3/3 + m**2/2 + 8*m - 3. Let n be b(6). What is the greatest common divisor of 30 and n?
10
Let o = -8 - -11. Suppose 5*p - 1 - 18 = -f, -p - 4*f = 0. Suppose -r - 3*r = c - 48, -o*c = p*r - 56. Calculate the highest common divisor of r and 11.
11
Let n be (3/9)/((-6)/(-54)). Suppose 0 = o - n*r - 54, 9 = 2*r + r. Calculate the greatest common factor of o and 21.
21
Let m = -67 + 126. Let z = m + -29. Calculate the greatest common divisor of 270 and z.
30
Let h(j) = -j**3 - 7*j**2 + 17*j + 9. Let p(y) = 2*y + 7. Let z be p(-8). Let k be h(z). What is the highest common divisor of 2 and k?
2
Let n = -4 + 14. Calculate the greatest common divisor of 10 and n.
10
Let u = -2 + 10. Let a = 978 - 977. Calculate the greatest common divisor of a and u.
1
Let f = 48 + 16. Suppose 16 = r - f. Calculate the highest common factor of r and 32.
16
Suppose 0 = 29*q - 2936 - 544. What is the greatest common factor of q and 90?
30
Suppose 2*j = a, 4 = a + 4*j - 2. Let n = 2198 + -2193. What is the greatest common divisor of a and n?
1
Suppose 5*v = 4*k - 9, 4 = 5*k - 5*v - 1. Let o be (-55)/(-25) - k/(-20). What is the highest common factor of 16 and o?
2
Suppose 7*s - 2*s = 205. Calculate the greatest common factor of 205 and s.
41
Suppose -k = 3*k - 4. Let s be ((-84)/(-8))/(k/2). Suppose 0*p + 2*p = 5*d - 43, -2*d + s = 3*p. What is the greatest common divisor of d and 36?
9
Let c be (-3)/(-6) + (-4)/(-8). Let t be (22/2)/(c/1). Suppose -4*y = 2*o + t + 5, -5*o + 35 = -5*y. What is the highest common factor of 2 and o?
2
Let f = 386 - -424. Suppose 0 = -6*q - 3*q + f. Calculate the highest common divisor of 10 and q.
10
Let n(y) = -2*y**3 + 2*y**2. Let r be n(-4). Let o be 0/(-2) + -3 + 12. Let z = o + 11. What is the greatest common divisor of r and z?
20
Suppose z = 3*a - 670, 0 = 4*a + 3*z - 371 - 531. Let i = 75 - 61. Calculate the greatest common divisor of i and a.
14
Suppose x = -197 + 212. Calculate the highest common factor of x and 171.
3
Let c be (-2)/(-5) + 78/5. Suppose 0 = 2*v + 3*x + 35 - 175, 5*v + 5*x - 340 = 0. Calculate the highest common factor of c and v.
16
Let h(a) = 7 + 131*a**3 - 10*a**2 - 3*a**2 - 130*a**3 + a. Let b be h(13). What is the greatest common divisor of 5 and b?
5
Let n be (-1)/(-3) + 94/6. Let z be (48/(-9))/((-18)/135). Calculate the greatest common factor of n and z.
8
Suppose -5*o + 3*o = -36. Let p(d) = -d**3 - 3*d**2 - d. Let s be p(-2). Let u(q) = -14*q - 10. Let b be u(s). What is the greatest common factor of o and b?
18
Let c = -1991 + 4917. Calculate the highest common factor of 22 and c.
22
Let i(y) = -y**2 - 8*y - 7. Let a = -48 - -41. Let o be i(a). Suppose o = q - 2*q + 4*j - 1, 20 = 2*q + 3*j. What is the greatest common factor of 77 and q?
7
Let k(d) be the first derivative of -d**2/2 + 9*d - 5. Let t be k(9). Suppose t = q + 5, 2*j - 2*q = 5*j - 50. Calculate the highest common factor of j and 140.
20
Suppose -116 = -5*w - 566. Let h = w - -95. Calculate the greatest common factor of 20 and h.
5
Let q be -10 + 1 + (897 - -12). What is the highest common divisor of q and 200?
100
Let a be ((-2)/(-4))/((-5 - 0)/(-1550)). Let z = a + -114. What is the greatest common divisor of 287 and z?
41
Let n = 529 + -519. What is the greatest common divisor of n and 135?
5
Suppose 80*h - 3060 = 65*h. Calculate the greatest common factor of 510 and h.
102
Suppose 0 = -4*i - 2*u + 296, -5*i + 376 = 3*u - 2*u. Calculate the greatest common divisor of 380 and i.
76
Let f(o) = o**3 - 7*o**2 - 4*o - 13. Let p be f(8). Suppose 0 = -p*y + 21*y - 96. What is the greatest common divisor of y and 72?
24
Let l(q) = 8*q - 280. Let n be l(38). Calculate the highest common factor of n and 42.
6
Suppose 0 = 5*x - 15, 21 + 3 = -3*z + 5*x. Let l be 2 + z/2*-18. Calculate the highest common factor of l and 261.
29
Let v = 296 + -286. Suppose -18 = -2*g - 0*g - 2*l, 0 = -3*g - 4*l + 31. What is the greatest common divisor of v and g?
5
Let l be (-6)/5*(-15)/(-3). Let v be (27/l)/((-3)/52). Suppose -2*p + 53 = p - a, 0 = 4*p - 5*a - v. What is the highest common divisor of 119 and p?
17
Let l(u) be the third derivative of u**6/120 + 7*u**5/30 + u**4/24 + 10*u**3/3 - 6*u**2. Let q be l(-14). What is the highest common divisor of q and 6?
6
Let i = -220 + 241. What is the highest common factor of 336 and i?
21
Suppose 0 = -3*z - 6. Suppose g - 5*l + 9 = 0, -3*g + 2*l - 3 + 2 = 0. Let r be 19 + g*(-3 - z). What is the highest common factor of 27 and r?
9
Suppose 5*q + s - 2162 = -793, 5*q - 5*s = 1345. Let h be (2*5)/(26/q). What is the greatest common divisor of h and 42?
21
Let a be -1 + 1 - 12/6. Let i(f) = -13*f - 4. Let d be i(a). Suppose d = 2*p - 132. Calculate the greatest common divisor of p and 11.
11
Let o = 11 - 7. Suppose -4 = 3*j + 2, -54 = -o*n - 3*j. Suppose m = -0*m + 45. What is the greatest common divisor of m and n?
15
Let u be 112/(12/3 + -2). Calculate the highest common factor of u and 40.
8
Let b(k) = 46*k**2 - 2*k + 1. Let w be b(1). Let h = 149 - 144. What is the highest common divisor of h and w?
5
Let l(c) = -c + 1. Let f be l(-7). Let b be (-17)/(-4) + (-2)/f. Suppose b*j - 513 + 153 = 0. Calculate the greatest common divisor of 10 and j.
10
Let s = -240 - -312. What is the greatest common factor of 72 and s?
72
Let l(w) = -8 + 0*w + 5 - 2 + 2*w. Let a be l(9). Calculate the greatest common factor of 104 and a.
13
Let g be 2/(12/60*(-3)/(-57)). What is the greatest common divisor of 38 and g?
38
Suppose x + 30 = 3*x. Suppose 4*p - 3*d = p + 3, -5*p = 5*d - x. Suppose -2*j + p = 0, -5*h + 238 = j - 3*j. Calculate the highest common factor of h and 16.
16
Let s be (-3 - (-2)/2) + 5. Suppose -s*r - 14 = 2*g - 41, -g - 25 = -2*r. Let c = 0 + 77. Calculate the greatest common divisor of c and r.
11
Let c(a) = -2*a**2 - 74*a + 125. Let x be c(-38). Calculate the greatest common factor of 91 and x.
7
Suppose -3*l + 12 - 3 = 0. Suppose -l*j = 5*t - 36, -18 = 3*t + 4*j - 44. Calculate the highest common factor of 9 and t.
3
Let f be 63/231 - 998/(-11). What is the greatest common divisor of 63 and f?
7
Suppos